.
-33
Let n(y) = 49*y - 199. Calculate n(4).
-3
Let d(w) = -25*w + 235. Determine d(9).
10
Let l(n) = 2*n - 24. Give l(5).
-14
Let g(n) = -31*n + 1220. Determine g(39).
11
Let f(h) = h**3 + 12*h**2 - 14*h - 10. What is f(-13)?
3
Let a(y) = 3*y + 11. Give a(-8).
-13
Let j(x) = -2*x - 19. Determine j(-6).
-7
Let i(h) = -h**2 - 14. Calculate i(0).
-14
Let d(r) = r**3 + 2. Give d(0).
2
Let q(s) = 7*s**2 + 19*s - 18. What is q(1)?
8
Let j(v) = v**2 - 13*v + 11. Calculate j(8).
-29
Let u(s) = -s**3 - 2*s**2 + 10*s + 5. Calculate u(-5).
30
Let g(y) = y**3 - 14*y**2 + y - 23. What is g(14)?
-9
Let c(w) = -2*w**3 - 9*w**2 - 6*w + 11. Give c(-6).
155
Let l(w) = 2*w**3 - w**2 - 9*w + 11. What is l(4)?
87
Let k(c) = -c**3 - 8*c**2 - 6*c - 9. Calculate k(-6).
-45
Let i(j) = -j**2 - 6*j - 3. Calculate i(-2).
5
Let d(g) = g**3 - 11*g**2 + 14*g + 38. Calculate d(9).
2
Let i(v) = -v**2 - 15*v + 2. Determine i(-8).
58
Let y(g) = -4*g + 3. Determine y(5).
-17
Let b(m) = -7*m + 169. What is b(23)?
8
Let a(d) = -d - 4. Calculate a(6).
-10
Let r(i) = -23*i**2 + 3*i. What is r(-1)?
-26
Let o(k) = k**2 + 10*k + 3. What is o(-8)?
-13
Let c(b) = 3*b - 71. Give c(19).
-14
Let k(u) = u**3 - 6*u**2 + 7*u + 3. Determine k(6).
45
Let w(h) = -8*h + 4. Calculate w(6).
-44
Let k(g) = -g**3 - 18*g**2 - 18. Determine k(-18).
-18
Let o(p) = p**2 + 51*p + 312. What is o(-44)?
4
Let r(b) = -b**2 - 27*b - 55. Give r(-24).
17
Let u(p) = -8*p - 7. Give u(-3).
17
Let q(w) = w**3 + 3*w**2 - 5*w + 4. Give q(-4).
8
Let m(p) = 25*p**2 - 4*p + 3. Determine m(1).
24
Let b(i) = i**3 - i**2 + 13*i - 20. Give b(2).
10
Let k(v) = -v**3 + 18*v**2 - 27*v - 39. What is k(16)?
41
Let l(u) = -12*u**2 + 39*u + 4. Determine l(3).
13
Let y(h) = 11*h - 11. Give y(5).
44
Let r(v) = 2*v - 29. What is r(16)?
3
Let u(z) = -z**3 + 17*z**2 + 20*z - 22. Give u(18).
14
Let b(c) = c**3 + 2*c**2 - 87*c + 53. What is b(8)?
-3
Let l(y) = -30*y**2 + 5*y - 2. Calculate l(1).
-27
Let q(d) = 14*d + 90. What is q(-6)?
6
Let r(c) = -c**3 + 21*c**2 + 20*c + 74. Give r(22).
30
Let h(z) = 2*z**2 + 6*z + 4. What is h(-3)?
4
Let f(i) = -i**2 - 18*i + 55. Determine f(-20).
15
Let u(y) = -2*y**3 - 2*y**2 + 10*y - 8. Determine u(3).
-50
Let i(b) = b**2 - 5*b - 9. Give i(9).
27
Let f(i) = -i**2 - 6*i - 24. What is f(-5)?
-19
Let y(w) = 6*w - 90. Determine y(16).
6
Let f(c) = -3*c**2 - 9*c + 13. Determine f(-9).
-149
Let z(y) = 4*y + 180. Determine z(-45).
0
Let h(m) = 9*m + 1. Determine h(1).
10
Let s(u) = -u**3 + 2*u - 26. Determine s(0).
-26
Let f(a) = 2*a**3 - 26*a**2 - 3*a + 42. What is f(13)?
3
Let h(i) = i**2 + 4*i + 9. What is h(-3)?
6
Let w(a) = -a**2 - a - 5. Determine w(-4).
-17
Let v(y) = -4*y - 3. Calculate v(3).
-15
Let w(p) = -p**3 + 8*p**2 + 9*p + 5. Give w(9).
5
Let s(y) = 7*y - 25. What is s(-5)?
-60
Let z(t) = t**2 + 4*t - 7. Determine z(0).
-7
Let g(q) = 4*q**2 + 6*q + 1. Calculate g(-2).
5
Let a(z) = -z - 4. Calculate a(-7).
3
Let i(j) = -2*j**2 - 22*j - 41. What is i(-2)?
-5
Let g(c) = -2*c + 9. What is g(8)?
-7
Let x(p) = -21*p**2 - 9*p - 8. What is x(-1)?
-20
Let k(f) = f**2 + 12*f + 43. Determine k(-7).
8
Let g(o) = -o**2 + 6*o + 21. What is g(8)?
5
Let j(o) = 14*o - 40. Give j(5).
30
Let o(a) = -a**3 + 9*a**2 + 10*a + 9. What is o(10)?
9
Let l(i) = -2*i + 20. Determine l(9).
2
Let z(s) = -7*s + 23. What is z(8)?
-33
Let n(q) = q + 18. Calculate n(-7).
11
Let d(n) = 7*n**3 + n**2 + n - 2. Calculate d(1).
7
Let w(j) = -3*j**2 - 8*j - 10. Calculate w(-6).
-70
Let x(p) = -18*p + 1. What is x(-2)?
37
Let a(j) = 3*j - 36. Determine a(0).
-36
Let z(i) = 2*i**3 - 53*i**2 + 24*i + 3. Determine z(26).
-49
Let t(q) = -q**3 + 3*q**2 + 4*q - 4. Calculate t(4).
-4
Let z(x) = -3*x**2 + 19*x + 8. What is z(7)?
-6
Let z(m) = 2*m - 14. Calculate z(10).
6
Let v(s) = s**2 + 6*s. Give v(-6).
0
Let j(h) = 6*h + 58. Calculate j(-10).
-2
Let j(r) = r**2 - 6*r + 10. Calculate j(4).
2
Let f(w) = 20*w**2 - 9*w + 12. Calculate f(2).
74
Let k(f) = f - 9. Give k(3).
-6
Let f(s) = -6*s + 36. Give f(6).
0
Let i(c) = c**3 + 4*c**2 - 6*c - 6. Determine i(-5).
-1
Let h(i) = i**3 + 7*i**2 - 3*i - 4. Determine h(-7).
17
Let k(c) = -c - 15. Give k(-6).
-9
Let o(b) = -b**2 - 9*b - 7. Give o(-8).
1
Let i(w) = 9*w**2 + 6*w - 5. Determine i(1).
10
Let q(l) = -l**2 + 26*l + 57. Determine q(28).
1
Let a(f) = f**3 - 39*f**2 - 7*f + 263. What is a(39)?
-10
Let w(c) = -4*c + 10. What is w(6)?
-14
Let h(o) = -18*o + 98. What is h(4)?
26
Let l(x) = 4*x + 12. What is l(-10)?
-28
Let u(d) = -d**3 + 3*d**2 + 10*d - 1. What is u(5)?
-1
Let c(s) = s**3 + 4*s**2 + 6*s + 1. Give c(-4).
-23
Let b(y) = 11*y + 1. Determine b(2).
23
Let b(v) = -4*v**3 + 7*v**2 - v - 3. Determine b(-1).
9
Let i(x) = x + 12. Give i(-3).
9
Let d(a) = -3*a + 4. Determine d(-3).
13
Let c(n) = n**3 + 2*n**2 - n. Calculate c(-4).
-28
Let v(r) = 2*r**2 + 14*r + 3. Determine v(-6).
-9
Let h(g) = 57*g**2 - g + 2. Calculate h(1).
58
Let h(t) = -t**3 + 16*t**2 + 18*t - 14. Give h(17).
3
Let x(y) = -6*y - 135. Give x(-22).
-3
Let v(j) = -j**2 - 25*j + 38. Give v(-27).
-16
Let d(x) = 5*x + 26. Give d(-9).
-19
Let p(g) = -g**3 + 17*g**2 + 2*g + 8. Give p(17).
42
Let g(i) = -i**3 - 8*i**2 - 4*i - 18. What is g(-8)?
14
Let y(r) = -r**3 + 8*r**2 + 7*r + 12. Determine y(9).
-6
Let y(i) = -7*i - 2. Calculate y(-2).
12
Let w(n) = -17*n - 1. Determine w(3).
-52
Let o(u) = 5*u + 111. What is o(-23)?
-4
Let j(t) = t**3 - 11*t**2 + 15*t - 13. Determine j(10).
37
Let n(j) = j**3 + 4*j**2 - j - 1. Give n(-6).
-67
Let c(f) = -2*f + 19. Give c(6).
7
Let j(t) = -t**3 + 5*t**2 + 5*t - 7. What is j(6)?
-13
Let g(c) = -c**2. What is g(-7)?
-49
Let s(x) = 10*x + 463. Give s(-47).
-7
Let u(l) = -5*l + 2. Determine u(1).
-3
Let p(n) = 38*n**2 + 304*n - 10. Determine p(-8).
-10
Let w(u) = u**3 + 14*u**2 + u - 15. Give w(-14).
-29
Let n(m) = 3*m**2 + 3*m - 1. Give n(-3).
17
Let y(d) = -9*d**2 + 3*d + 2. Determine y(4).
-130
Let a(b) = -2*b**3 - 41*b**2 + 19*b - 40. Calculate a(-21).
2
Let w(t) = t**3 + 8*t**2 - 8*t - 6. Calculate w(-9).
-15
Let o(n) = 6*n**2 - 2*n - 6. Calculate o(3).
42
Let r(b) = -20*b**2 + 3*b - 4. Determine r(2).
-78
Let f(o) = -3*o**3 - 4*o**2 + 2*o + 1. Determine f(2).
-35
Let b(f) = f**2 - 13*f + 64. What is b(9)?
28
Let s(h) = -2*h**2 + 3*h - 1. Give s(-3).
-28
Let k(o) = 25*o**2 - 102*o + 7. What is k(4)?
-1
Let p(x) = -x**3 - 22*x**2 - 22*x - 49. Calculate p(-21).
-28
Let q(t) = -t**2 + 6*t + 4. Give q(5).
9
Let c(s) = -s**2 + 5*s + 3. What is c(0)?
3
Let k(m) = m**3 - 4*m**2 + 3*m - 4. What is k(4)?
8
Let p(f) = 9*f + 3. Calculate p(5).
48
Let i(c) = c**3 - 6*c**2 - c - 40. Calculate i(7).
2
Let a(v) = v**2 + 2*v + 2. Determine a(-3).
5
Let f(p) = p**2 + p - 9. Determine f(0).
-9
Let g(b) = 2*b + 49. Give g(-19).
11
Let o(k) = -k**3 + 4*k**2 + 8*k - 13. Calculate o(6).
-37
Let g(j) = 3*j + 18. Calculate g(-9).
-9
Let m(l) = -38*l**3 + 3*l + 3. Give m(-1).
38
Let t(x) = x - 6. Calculate t(-13).
-19
Let o(g) = -g**2 - 6*g + 2. Determine o(-4).
10
Let r(z) = -4*z + 12. Calculate r(13).
-40
Let v(k) = -k + 5. Determine v(1).
4
Let i(k) = 10*k + 3. Give i(-1).
-7
Let q(x) = -2*x - 22. Determine q(-15).
8
Let f(x) = -x**3 + 11*x**2 + 15*x + 2. Calculate f(12).
38
Let t(j) = 2*j**2 - 30*j + 10. Calculate t(13).
-42
Let q(w) = -4*w**2 - 5*w + 3. Give q(-4).
-41
Let f(s) = -s**3 - 10*s**2 - 26*s - 13. What is f(-6)?
-1
Let r(p) = 4*p + 90. Calculate r(-7).
62
Let k(o) = o**2 + 12*o + 28. What is k(-9)?
1
Let x(n) = 2*n**2 - 2*n - 76. Give x(7).
8
Let c(k) = 2*k**3 - 3*k**2 + 5*k - 2. Determine c(3).
40
Let v(g) = -g**2 - 8*g + 397. Calculate v(16).
13
Let o(t) = t**2 + 4*t - 4. Calculate o(-5).
1
Let m(v) = 5*v - 5. Calculate m(7).
30
Let l(p) = 17*p**3 - 3*p**2 + 2*p - 2. Calculate l(2).
126
Let t(v) = -7*v + 40. Give t(7).
-9
Let n(p) = -p**2 + 9*p + 6. What is n(-7)?
-106
Let o(i) = -i**2 - 12*i - 4. Calculate o(-12).
-4
Let u(y) = -2*y**2 - 18*y + 3. Calculate u(-9).
3
Let m(l) = -3*l + 24. Calculate m(-16).
72
Let g(k) = -k**2 - 18*k - 72. Determine g(-11).
5
Let a(n) = 147*n - 3238. Calculate a(22).
-4
Let w(t) = t**3 - 4*t**2 + 8*t - 16. Give w(3).
-1
Let a(c) = c**3 - 13*c**2 + 24*c + 6. Determine a(11).
28
Let m(a) = a**3 - 7*a**2 + 2*a - 2. Determine m(4).
-42
Let o(n) = -n**3 - 5*n**2